{"id":23,"date":"2017-07-03T01:12:03","date_gmt":"2017-07-02T23:12:03","guid":{"rendered":"http:\/\/www.hoki-sushi-herblay.com\/?page_id=23"},"modified":"2023-03-10T22:27:47","modified_gmt":"2023-03-10T21:27:47","slug":"bons-plans","status":"publish","type":"page","link":"https:\/\/www.hoki-sushi-herblay.com\/index.php\/bons-plans\/","title":{"rendered":"BONS PLANS"},"content":{"rendered":"<div id=\"pl-23\"  class=\"panel-layout\" ><div id=\"pg-23-0\"  class=\"panel-grid panel-no-style\" ><div id=\"pgc-23-0-0\"  class=\"panel-grid-cell panel-grid-cell-empty\" ><\/div><\/div><div id=\"pg-23-1\"  class=\"panel-grid panel-no-style\" ><div id=\"pgc-23-1-0\"  class=\"panel-grid-cell\" ><div id=\"panel-23-1-0-0\" class=\"so-panel widget widget_sow-editor panel-first-child panel-last-child\" data-index=\"0\" ><div\n\t\t\t\n\t\t\tclass=\"so-widget-sow-editor so-widget-sow-editor-base\"\n\t\t\t\n\t\t>\n<div class=\"siteorigin-widget-tinymce textwidget\">\n\t<p style=\"text-align: justify; padding-left: 30px;\">\u00a0<\/p>\n<h2><span style=\"color: #99cc00;\">Sur place au restaurant<\/span><\/h2>\n<\/div>\n<\/div><\/div><\/div><\/div><div id=\"pg-23-2\"  class=\"panel-grid panel-no-style\" ><div id=\"pgc-23-2-0\"  class=\"panel-grid-cell\" ><div id=\"panel-23-2-0-0\" class=\"so-panel widget widget_sow-editor panel-first-child panel-last-child\" data-index=\"1\" ><div\n\t\t\t\n\t\t\tclass=\"so-widget-sow-editor so-widget-sow-editor-base\"\n\t\t\t\n\t\t>\n<div class=\"siteorigin-widget-tinymce textwidget\">\n\t<h3>La carte de fid\u00e9lit\u00e9 : - 10,00 \u20ac<\/h3>\n<p style=\"text-align: justify; padding-left: 30px;\">Lors de votre visite, \u00e0 la fin de votre repas pris, vous pouvez nous demander une carte de fid\u00e9lit\u00e9.<br \/>\nA chaque passage en caisse, faites tamponner votre carte.<\/p>\n<p style=\"text-align: justify; padding-left: 30px;\">D\u00e8s que votre carte est remplie, profitez d'une <strong>r\u00e9duction de 10,00 euros<\/strong> lors de votre prochain repas au restaurant.<\/p>\n<\/div>\n<\/div><\/div><\/div><div id=\"pgc-23-2-1\"  class=\"panel-grid-cell\" ><div id=\"panel-23-2-1-0\" class=\"so-panel widget widget_sow-editor panel-first-child panel-last-child\" data-index=\"2\" ><div\n\t\t\t\n\t\t\tclass=\"so-widget-sow-editor so-widget-sow-editor-base\"\n\t\t\t\n\t\t>\n<div class=\"siteorigin-widget-tinymce textwidget\">\n\t<p style=\"text-align: center;\"><img loading=\"lazy\" decoding=\"async\" class=\"aligncenter size-medium wp-image-2046\" src=\"http:\/\/www.hoki-sushi-herblay.com\/wp-content\/uploads\/2023\/02\/hoki-sush_carte-fidelite_ve-300x198.jpg\" alt=\"\" width=\"300\" height=\"198\" srcset=\"https:\/\/www.hoki-sushi-herblay.com\/wp-content\/uploads\/2023\/02\/hoki-sush_carte-fidelite_ve-300x198.jpg 300w, https:\/\/www.hoki-sushi-herblay.com\/wp-content\/uploads\/2023\/02\/hoki-sush_carte-fidelite_ve.jpg 526w\" sizes=\"(max-width: 300px) 100vw, 300px\" \/><\/p>\n<\/div>\n<\/div><\/div><\/div><\/div><div id=\"pg-23-3\"  class=\"panel-grid panel-no-style\" ><div id=\"pgc-23-3-0\"  class=\"panel-grid-cell\" ><div id=\"panel-23-3-0-0\" class=\"so-panel widget widget_sow-editor panel-first-child panel-last-child\" data-index=\"3\" ><div\n\t\t\t\n\t\t\tclass=\"so-widget-sow-editor so-widget-sow-editor-base\"\n\t\t\t\n\t\t>\n<div class=\"siteorigin-widget-tinymce textwidget\">\n\t<h2><span style=\"color: #99cc00;\">En livraison ou \u00e0 emporter<\/span><\/h2>\n<\/div>\n<\/div><\/div><\/div><\/div><div id=\"pg-23-4\"  class=\"panel-grid panel-no-style\" ><div id=\"pgc-23-4-0\"  class=\"panel-grid-cell\" ><div id=\"panel-23-4-0-0\" class=\"so-panel widget widget_sow-editor panel-first-child panel-last-child\" data-index=\"4\" ><div\n\t\t\t\n\t\t\tclass=\"so-widget-sow-editor so-widget-sow-editor-base\"\n\t\t\t\n\t\t>\n<div class=\"siteorigin-widget-tinymce textwidget\">\n\t<h3>Plats \u00e0 emporter :<\/h3>\n<p class=\"txt14\" style=\"text-align: justify; padding-left: 30px;\">Vous pouvez venir chercher vos plats directement \u00e0 notre restaurant et les emporter (nous vous conseillons de r\u00e9server au pr\u00e9alable pour \u00e9viter l'attente).<\/p>\n<p class=\"txt14\" style=\"text-align: justify; padding-left: 30px;\">\n<\/div>\n<\/div><\/div><\/div><div id=\"pgc-23-4-1\"  class=\"panel-grid-cell\" ><div id=\"panel-23-4-1-0\" class=\"so-panel widget widget_sow-editor panel-first-child panel-last-child\" data-index=\"5\" ><div\n\t\t\t\n\t\t\tclass=\"so-widget-sow-editor so-widget-sow-editor-base\"\n\t\t\t\n\t\t>\n<div class=\"siteorigin-widget-tinymce textwidget\">\n\t<h3 class=\"txt14\" align=\"justify\">Livraison possible<\/h3>\n<p class=\"txt14\" style=\"padding-left: 30px;\" align=\"justify\">Vous appr\u00e9ciez la qualit\u00e9 et la fra\u00eecheur de nos plats et vous souhaitez les partager entre amis \u00e0 votre domicile, ou entre coll\u00e8gues \u00e0 votre bureau ?<\/p>\n<p class=\"txt14\" style=\"padding-left: 30px;\" align=\"justify\">Livraison possible par UBER EATS, en <a href=\"https:\/\/www.ubereats.com\/fr\/paris\/food-delivery\/hoki-sushi\/xBmhq4tgR---Cs4kh6pStA\" target=\"_blank\" rel=\"noopener\">cliquant ici<\/a> !<\/p>\n<p class=\"txt14\" style=\"padding-left: 30px;\" align=\"justify\"><a href=\"https:\/\/www.ubereats.com\/fr\/paris\/food-delivery\/hoki-sushi\/xBmhq4tgR---Cs4kh6pStA\" target=\"_blank\" rel=\"noopener\"><img loading=\"lazy\" decoding=\"async\" class=\"alignnone size-full wp-image-1578\" src=\"http:\/\/www.hoki-sushi-herblay.com\/wp-content\/uploads\/2020\/05\/UberEats_300x100.jpg\" alt=\"\" width=\"300\" height=\"100\" \/><\/a><\/p>\n<\/div>\n<\/div><\/div><\/div><\/div><\/div>","protected":false},"excerpt":{"rendered":"<p>\u00a0 Sur place au restaurant<\/p>\n","protected":false},"author":1,"featured_media":1301,"parent":0,"menu_order":0,"comment_status":"closed","ping_status":"closed","template":"","meta":{"footnotes":""},"_links":{"self":[{"href":"https:\/\/www.hoki-sushi-herblay.com\/index.php\/wp-json\/wp\/v2\/pages\/23"}],"collection":[{"href":"https:\/\/www.hoki-sushi-herblay.com\/index.php\/wp-json\/wp\/v2\/pages"}],"about":[{"href":"https:\/\/www.hoki-sushi-herblay.com\/index.php\/wp-json\/wp\/v2\/types\/page"}],"author":[{"embeddable":true,"href":"https:\/\/www.hoki-sushi-herblay.com\/index.php\/wp-json\/wp\/v2\/users\/1"}],"replies":[{"embeddable":true,"href":"https:\/\/www.hoki-sushi-herblay.com\/index.php\/wp-json\/wp\/v2\/comments?post=23"}],"version-history":[{"count":56,"href":"https:\/\/www.hoki-sushi-herblay.com\/index.php\/wp-json\/wp\/v2\/pages\/23\/revisions"}],"predecessor-version":[{"id":2059,"href":"https:\/\/www.hoki-sushi-herblay.com\/index.php\/wp-json\/wp\/v2\/pages\/23\/revisions\/2059"}],"wp:featuredmedia":[{"embeddable":true,"href":"https:\/\/www.hoki-sushi-herblay.com\/index.php\/wp-json\/wp\/v2\/media\/1301"}],"wp:attachment":[{"href":"https:\/\/www.hoki-sushi-herblay.com\/index.php\/wp-json\/wp\/v2\/media?parent=23"}],"curies":[{"name":"wp","href":"https:\/\/api.w.org\/{rel}","templated":true}]}}