{"id":1646,"date":"2020-06-17T18:37:49","date_gmt":"2020-06-17T16:37:49","guid":{"rendered":"http:\/\/www.hoki-sushi-herblay.com\/?page_id=1646"},"modified":"2020-06-17T19:14:47","modified_gmt":"2020-06-17T17:14:47","slug":"boissons-non-alcoolisees","status":"publish","type":"page","link":"https:\/\/www.hoki-sushi-herblay.com\/index.php\/boissons-2\/boissons-non-alcoolisees\/","title":{"rendered":"BOISSONS NON ALCOOLISEES"},"content":{"rendered":"\n<table id=\"tablepress-2\" class=\"tablepress tablepress-id-2\">\n<tbody>\n<tr class=\"row-1\">\n\t<td colspan=\"7\" class=\"column-1\"><h4>Boissons \"Soft\"<\/h4><\/td>\n<\/tr>\n<tr class=\"row-2\">\n\t<td class=\"column-1\">Coca Cola (33 cl)<\/td><td class=\"column-2\">3.50 \u20ac<\/td><td class=\"column-3\"><\/td><td class=\"column-4\"><\/td><td class=\"column-5\"><\/td><td class=\"column-6\">Jus de fruits Granini (ananas, pomme, abricot, orange, lychee) (25 cl)<\/td><td class=\"column-7\">3.50 \u20ac<\/td>\n<\/tr>\n<tr class=\"row-3\">\n\t<td class=\"column-1\">Cola light, z\u00e9ro (33 cl)<\/td><td class=\"column-2\">3.50 \u20ac<\/td><td class=\"column-3\"><\/td><td class=\"column-4\"><\/td><td class=\"column-5\"><\/td><td class=\"column-6\">Limonade Japonaise (25 cl)<\/td><td class=\"column-7\">3.50 \u20ac<\/td>\n<\/tr>\n<tr class=\"row-4\">\n\t<td class=\"column-1\">Orangina (25 cl)<\/td><td class=\"column-2\">3.50 \u20ac<\/td><td class=\"column-3\"><\/td><td class=\"column-4\"><\/td><td class=\"column-5\"><\/td><td class=\"column-6\">Fanta (33 cl)<\/td><td class=\"column-7\">3.50 \u20ac<\/td>\n<\/tr>\n<tr class=\"row-5\">\n\t<td class=\"column-1\">Ice Tea (25 cl)<\/td><td class=\"column-2\">3.50 \u20ac<\/td><td class=\"column-3\"><\/td><td class=\"column-4\"><\/td><td class=\"column-5\"><\/td><td class=\"column-6\">Oasis (33 cl)<\/td><td class=\"column-7\">3.50 \u20ac<\/td>\n<\/tr>\n<tr class=\"row-6\">\n\t<td colspan=\"7\" class=\"column-1\"><h4>Eaux min\u00e9rales<\/h4><\/td>\n<\/tr>\n<tr class=\"row-7\">\n\t<td class=\"column-1\">Evian (50 cl)<\/td><td class=\"column-2\">3.80 \u20ac<\/td><td class=\"column-3\"><\/td><td class=\"column-4\"><\/td><td class=\"column-5\"><\/td><td class=\"column-6\">Evian (100 cl)<\/td><td class=\"column-7\">5.80 \u20ac<\/td>\n<\/tr>\n<tr class=\"row-8\">\n\t<td class=\"column-1\">San Pellegrino (50 cl)<\/td><td class=\"column-2\">3.80 \u20ac<\/td><td class=\"column-3\"><\/td><td class=\"column-4\"><\/td><td class=\"column-5\"><\/td><td class=\"column-6\">San Pellegrino (100 cl)<\/td><td class=\"column-7\">5.80 \u20ac<\/td>\n<\/tr>\n<tr class=\"row-9\">\n\t<td colspan=\"7\" class=\"column-1\"><h4>Boissons chaudes<\/h4><\/td>\n<\/tr>\n<tr class=\"row-10\">\n\t<td class=\"column-1\">Expresso<\/td><td class=\"column-2\">2.30 \u20ac<\/td><td class=\"column-3\"><\/td><td class=\"column-4\"><\/td><td class=\"column-5\"><\/td><td class=\"column-6\">Chocolat<\/td><td class=\"column-7\">3.50 \u20ac<\/td>\n<\/tr>\n<tr class=\"row-11\">\n\t<td class=\"column-1\">D\u00e9caf\u00e9in\u00e9<\/td><td class=\"column-2\">2.30 \u20ac<\/td><td class=\"column-3\"><\/td><td class=\"column-4\"><\/td><td class=\"column-5\"><\/td><td class=\"column-6\">Th\u00e9 vert Japonais<\/td><td class=\"column-7\">2.80 \u20ac<\/td>\n<\/tr>\n<tr class=\"row-12\">\n\t<td class=\"column-1\">Caf\u00e9 cr\u00e8me<\/td><td class=\"column-2\">3.50 \u20ac<\/td><td class=\"column-3\"><\/td><td class=\"column-4\"><\/td><td class=\"column-5\"><\/td><td class=\"column-6\">Th\u00e9 au jasmin<\/td><td class=\"column-7\">2.80 \u20ac<\/td>\n<\/tr>\n<tr class=\"row-13\">\n\t<td class=\"column-1\">Cappuccino<\/td><td class=\"column-2\">3.50 \u20ac<\/td><td class=\"column-3\"><\/td><td class=\"column-4\"><\/td><td class=\"column-5\"><\/td><td class=\"column-6\">Th\u00e9 \u00e0 la menthe<\/td><td class=\"column-7\">2.80 \u20ac<\/td>\n<\/tr>\n<\/tbody>\n<\/table>\n<!-- #tablepress-2 from cache -->\n","protected":false},"excerpt":{"rendered":"","protected":false},"author":1,"featured_media":0,"parent":1380,"menu_order":0,"comment_status":"closed","ping_status":"closed","template":"","meta":{"footnotes":""},"_links":{"self":[{"href":"https:\/\/www.hoki-sushi-herblay.com\/index.php\/wp-json\/wp\/v2\/pages\/1646"}],"collection":[{"href":"https:\/\/www.hoki-sushi-herblay.com\/index.php\/wp-json\/wp\/v2\/pages"}],"about":[{"href":"https:\/\/www.hoki-sushi-herblay.com\/index.php\/wp-json\/wp\/v2\/types\/page"}],"author":[{"embeddable":true,"href":"https:\/\/www.hoki-sushi-herblay.com\/index.php\/wp-json\/wp\/v2\/users\/1"}],"replies":[{"embeddable":true,"href":"https:\/\/www.hoki-sushi-herblay.com\/index.php\/wp-json\/wp\/v2\/comments?post=1646"}],"version-history":[{"count":2,"href":"https:\/\/www.hoki-sushi-herblay.com\/index.php\/wp-json\/wp\/v2\/pages\/1646\/revisions"}],"predecessor-version":[{"id":1656,"href":"https:\/\/www.hoki-sushi-herblay.com\/index.php\/wp-json\/wp\/v2\/pages\/1646\/revisions\/1656"}],"up":[{"embeddable":true,"href":"https:\/\/www.hoki-sushi-herblay.com\/index.php\/wp-json\/wp\/v2\/pages\/1380"}],"wp:attachment":[{"href":"https:\/\/www.hoki-sushi-herblay.com\/index.php\/wp-json\/wp\/v2\/media?parent=1646"}],"curies":[{"name":"wp","href":"https:\/\/api.w.org\/{rel}","templated":true}]}}